nits digit of 1439140?
0
What is the thousands digit of 1874186?
4
What is the thousands digit of 3012949?
2
What is the thousands digit of 1257806?
7
What is the thousands digit of 224267?
4
What is the millions digit of 4414077?
4
What is the tens digit of 3008592?
9
What is the hundreds digit of 3270?
2
What is the tens digit of 251965?
6
What is the millions digit of 7635148?
7
What is the hundreds digit of 501879?
8
What is the hundreds digit of 8632354?
3
What is the ten thousands digit of 394240?
9
What is the tens digit of 1180708?
0
What is the thousands digit of 167075?
7
What is the hundreds digit of 2356266?
2
What is the units digit of 25128283?
3
What is the ten thousands digit of 869486?
6
What is the ten thousands digit of 373875?
7
What is the units digit of 12307609?
9
What is the hundreds digit of 36232?
2
What is the millions digit of 1457132?
1
What is the tens digit of 1838237?
3
What is the tens digit of 1840049?
4
What is the units digit of 4431713?
3
What is the hundred thousands digit of 317211?
3
What is the units digit of 41041?
1
What is the ten thousands digit of 4306924?
0
What is the ten millions digit of 10594993?
1
What is the hundred thousands digit of 1083828?
0
What is the hundred thousands digit of 107828?
1
What is the ten thousands digit of 449085?
4
What is the hundreds digit of 494107?
1
What is the thousands digit of 326194?
6
What is the ten thousands digit of 253838?
5
What is the hundreds digit of 11233866?
8
What is the tens digit of 8114298?
9
What is the thousands digit of 4392108?
2
What is the hundred thousands digit of 1054335?
0
What is the units digit of 91698?
8
What is the hundred thousands digit of 320029?
3
What is the hundred thousands digit of 316354?
3
What is the hundreds digit of 4686879?
8
What is the millions digit of 2582176?
2
What is the millions digit of 4561584?
4
What is the thousands digit of 1559394?
9
What is the tens digit of 382189?
8
What is the units digit of 422636?
6
What is the thousands digit of 141203?
1
What is the tens digit of 896422?
2
What is the thousands digit of 1742354?
2
What is the hundreds digit of 53641?
6
What is the hundreds digit of 8691709?
7
What is the hundreds digit of 417277?
2
What is the tens digit of 771114?
1
What is the millions digit of 1197103?
1
What is the thousands digit of 709900?
9
What is the thousands digit of 95906?
5
What is the thousands digit of 31960279?
0
What is the thousands digit of 4527074?
7
What is the tens digit of 11046?
4
What is the units digit of 7673278?
8
What is the tens digit of 2153997?
9
What is the ten thousands digit of 28353161?
5
What is the ten thousands digit of 414757?
1
What is the tens digit of 435365?
6
What is the units digit of 748607?
7
What is the thousands digit of 461918?
1
What is the units digit of 2784729?
9
What is the tens digit of 98395?
9
What is the tens digit of 10165378?
7
What is the units digit of 4623864?
4
What is the ten thousands digit of 2972917?
7
What is the hundred thousands digit of 5940012?
9
What is the ten thousands digit of 8456665?
5
What is the thousands digit of 850120?
0
What is the hundred thousands digit of 211346?
2
What is the thousands digit of 795651?
5
What is the ten thousands digit of 145427?
4
What is the hundreds digit of 2670557?
5
What is the tens digit of 43618?
1
What is the hundreds digit of 491512?
5
What is the ten thousands digit of 7266340?
6
What is the tens digit of 1454823?
2
What is the units digit of 119720?
0
What is the hundreds digit of 8449?
4
What is the ten thousands digit of 4855340?
5
What is the hundred thousands digit of 238836?
2
What is the ten thousands digit of 394411?
9
What is the ten thousands digit of 17875238?
7
What is the millions digit of 1362082?
1
What is the tens digit of 10246071?
7
What is the hundred thousands digit of 9519586?
5
What is the hundreds digit of 11292752?
7
What is the hundreds digit of 1229678?
6
What is the units digit of 311305?
5
What is the thousands digit of 4279323?
9
What is the ten thousands digit of 178714?
7
What is the thousands digit of 19210317?
0
What is the millions digit of 1490690?
1
What is the hundred thousands digit of 1013331?
0
What is the thousands digit of 16509291?
9
What is the ten thousands digit of 157807?
5
What is the tens digit of 921390?
9
What is the hundreds digit of 4599359?
3
What is the thousands digit of 384370?
4
What is the hundreds digit of 762990?
9
What is the tens digit of 4110207?
0
What is the units digit of 51827?
7
What is the units digit of 3473578?
8
What is the tens digit of 2657718?
1
What is the thousands digit of 186741?
6
What is the hundred thousands digit of 327146?
3
What is the ten millions digit of 20052575?
2
What is the ten thousands digit of 486379?
8
What is the hundreds digit of 381361?
3
What is the tens digit of 449869?
6
What is the units digit of 688462?
2
What is the hundred thousands digit of 2793520?
7
What is the hundreds digit of 212986?
9
What is the thousands digit of 4426088?
6
What is the hundreds digit of 28839?
8
What is the units digit of 9402729?
9
What is the thousands digit of 163591?
3
What is the tens digit of 7365?
6
What is the ten thousands digit of 14099266?
9
What is the units digit of 1568887?
7
What is the ten thousands digit of 189770?
8
What is the ten thousands digit of 2316117?
1
What is the ten millions digit of 23248714?
2
What is the units digit of 244416?
6
What is the units digit of 438592?
2
What is the thousands digit of 286232?
6
What is the millions digit of 4901616?
4
What is the millions digit of 2153699?
2
What is the ten thousands digit of 1427998?
2
What is the hundred thousands digit of 140647?
1
What is the thousands digit of 17744062?
4
What is the tens digit of 315056?
5
What is the ten thousands digit of 180671?
8
What is the tens digit of 105868?
6
What is the tens digit of 1047360?
6
What is the hundreds digit of 417099?
0
What is the thousands digit of 2771373?
1
What is the hundred thousands digit of 1034072?
0
What is the hundreds digit of 41982?
9
What is the thousands digit of 425983?
5
What is the thousands digit of 8521729?
1
What is the thousands digit of 457388?
7
What is the thousands digit of 157915?
7
What is the thousands digit of 190840?
0
What is the ten thousands digit of 494437?
9
What is the ten thousands digit of 3894711?
9
What is the hundreds digit of 217913?
9
What is the ten thousands digit of 2895131?
9
What is the units digit of 1530235?
5
What is the hundreds digit of 406125?
1
What is the thousands digit of 1032172?
2
What is the hundred thousands digit of 1190586?
1
What is the ten millions digit of 21212694?
2
What is the units digit of 59308?
8
What is the ten thousands digit of 5101388?
0
What is the thousands digit of 591433?
1
What is the hundred thousands digit of 357626?
3
What is the thousands digit of 61934?
1
What is the tens digit of 49700?
0
What is the millions digit of 2467162?
2
What is the hundred thousands digit of 187633?
1
What is the tens digit of 342015?
1
What is the tens digit of 26613570?
7
What is the thousands digit of 433537?
3
What is the tens digit of 609468?
6
What is the hundreds digit of 6544410?
4
What is the hundreds digit of 5421977?
9
What is the hundreds digit of 5197608?
6
What is the units digit of 25931944?
4
What is the hundreds digit of 1399374?
3
What is the hundred thousands digit of 4775405?
7
What is the hundreds digit of 13537038?
0
What is the hundreds digit of 11355663?
6
What is the units digit of 330692?
2
What is the tens digit of 15831572?
7
What is the millions digit of 1412653?
1
What is the thousands digit of 100696?
0
What is the tens digit of 62494?
9
What is the thousands digit of 4107567?
7
What is the tens digit of 163813?
1
What is the hundreds digit of 422334?
3
What is the millions digit of 3593669?
3
What is the thousands digit of 12539717?
9
What is the units digit of 293523?
3
What is the thousands digit of 1629712?
9
What is the ten thousands digit of 639360?
3
What is the thousands digit of 173955?
3
What is the hundred thousands digit of 5515883?
5
What is the millions digit of 1221806?
1
What is the hundred thousands digit of 127278?
1
What is the hundreds digit of 243339?
3
W